n factor of 245196 and 196.
196
What is the highest common divisor of 628 and 2524?
4
Calculate the highest common divisor of 324 and 9149274.
162
What is the highest common factor of 85012 and 159?
53
What is the greatest common divisor of 831406 and 604?
302
What is the highest common divisor of 122 and 2855837?
61
Calculate the greatest common divisor of 301 and 896.
7
Calculate the highest common factor of 57591 and 2607.
237
What is the greatest common divisor of 772 and 356857?
193
Calculate the highest common divisor of 212524 and 536.
268
What is the greatest common divisor of 1 and 81077?
1
Calculate the greatest common factor of 177619 and 195.
13
Calculate the greatest common factor of 2735 and 3.
1
What is the greatest common factor of 418 and 74426?
22
Calculate the greatest common divisor of 1815 and 633.
3
What is the greatest common factor of 2 and 20681?
1
What is the greatest common factor of 820 and 51680?
20
What is the greatest common factor of 2720 and 920?
40
What is the greatest common factor of 70088 and 16?
8
Calculate the greatest common factor of 4722 and 6.
6
What is the greatest common factor of 11231 and 148045?
1021
What is the highest common factor of 420392 and 42?
14
What is the highest common divisor of 211965 and 5460?
195
What is the highest common factor of 105 and 316155?
105
Calculate the highest common factor of 983304 and 504.
504
What is the highest common factor of 510 and 622455?
255
What is the greatest common factor of 705 and 65330?
235
What is the highest common factor of 555 and 152255?
185
What is the greatest common factor of 693 and 62293?
77
What is the greatest common divisor of 8856 and 15192?
72
What is the highest common factor of 27209 and 322?
161
What is the highest common divisor of 285947 and 269?
269
What is the greatest common divisor of 80730 and 1920?
30
What is the greatest common divisor of 28 and 566132?
28
Calculate the highest common factor of 35 and 201345.
5
Calculate the greatest common factor of 13315 and 10.
5
Calculate the greatest common divisor of 979 and 649.
11
Calculate the highest common divisor of 23355 and 150.
15
What is the highest common divisor of 283968 and 17?
17
What is the highest common factor of 23664 and 1044?
348
Calculate the greatest common divisor of 471 and 5007201.
471
What is the greatest common factor of 192 and 68?
4
What is the greatest common divisor of 79698 and 888?
222
What is the highest common factor of 1644 and 4128?
12
Calculate the highest common factor of 57 and 2749661.
19
What is the greatest common factor of 2325 and 5875?
25
What is the highest common divisor of 968 and 28677?
121
What is the highest common divisor of 76825 and 70?
35
Calculate the highest common divisor of 81224 and 364.
52
Calculate the greatest common divisor of 310345 and 10.
5
Calculate the greatest common factor of 25 and 1591175.
25
What is the highest common divisor of 221130 and 3640?
910
What is the highest common factor of 2 and 158673?
1
Calculate the highest common divisor of 8083 and 1003.
59
Calculate the highest common factor of 1083244 and 16344.
908
Calculate the highest common factor of 923 and 5408.
13
Calculate the highest common factor of 494106 and 6.
6
What is the highest common factor of 4183 and 1424?
89
Calculate the greatest common divisor of 15888 and 48.
48
Calculate the greatest common factor of 595 and 1072190.
595
What is the greatest common factor of 12258 and 6912?
54
Calculate the greatest common factor of 35206 and 58.
58
Calculate the highest common factor of 49 and 27384.
7
What is the highest common divisor of 775 and 20950?
25
Calculate the greatest common factor of 617155 and 770.
385
Calculate the highest common divisor of 101066 and 126.
14
What is the highest common factor of 43640 and 640?
40
What is the greatest common factor of 12604 and 46?
46
Calculate the highest common divisor of 1248 and 18256992.
1248
Calculate the greatest common divisor of 295 and 38940.
295
What is the greatest common factor of 189648 and 1536?
48
Calculate the greatest common factor of 7 and 898093.
7
Calculate the highest common divisor of 231 and 37367.
11
What is the highest common factor of 156560 and 75808?
1648
Calculate the highest common divisor of 648 and 13704.
24
What is the highest common factor of 3011 and 3?
1
What is the highest common factor of 583868 and 4?
4
What is the highest common divisor of 183 and 467931?
183
What is the greatest common divisor of 17553 and 6?
3
What is the highest common divisor of 18 and 4194?
18
What is the greatest common factor of 20135 and 215?
5
Calculate the greatest common factor of 749203 and 91.
91
What is the greatest common divisor of 79345 and 35?
35
Calculate the greatest common factor of 1812232 and 631.
631
Calculate the highest common factor of 63132 and 12.
12
Calculate the highest common factor of 377 and 14587.
29
What is the greatest common divisor of 2304720 and 75?
15
What is the greatest common factor of 184 and 16330?
46
What is the greatest common factor of 869 and 7513?
11
Calculate the greatest common factor of 1827667 and 589.
589
What is the greatest common factor of 30870 and 86?
2
What is the highest common divisor of 276 and 7416?
12
Calculate the highest common divisor of 2411633 and 1106.
553
Calculate the highest common divisor of 26832 and 234.
78
Calculate the highest common divisor of 496 and 5630096.
496
Calculate the highest common factor of 51 and 1594039.
17
What is the greatest common divisor of 1304 and 940836?
652
What is the greatest common factor of 1755 and 1950?
195
What is the greatest common divisor of 31857 and 53013?
123
What is the highest common divisor of 765928 and 38?
38
Calculate the highest common factor of 273 and 32123.
91
Calculate the greatest common factor of 200908 and 40.
4
Calculate the greatest common divisor of 25256 and 30184.
616
What is the highest common divisor of 62 and 1618138?
62
What is the highest common divisor of 14823 and 324?
81
What is the highest common divisor of 250 and 12010?
10
Calculate the highest common divisor of 870506 and 78.
26
Calculate the greatest common factor of 42 and 2154.
6
What is the greatest common factor of 354134 and 154?
22
What is the highest common divisor of 3751 and 13981?
341
Calculate the greatest common divisor of 16 and 12832320.
16
Calculate the highest common divisor of 171281 and 1354.
677
Calculate the highest common divisor of 508 and 3175.
127
What is the highest common divisor of 172 and 304?
4
What is the greatest common factor of 3269255 and 22?
11
Calculate the greatest common factor of 8190 and 5600.
70
What is the highest common divisor of 6889 and 39757?
83
What is the highest common divisor of 31290 and 175?
35
What is the highest common factor of 540 and 71235?
45
What is the greatest common factor of 19 and 266646?
19
What is the greatest common divisor of 123816 and 308?
308
Calculate the highest common factor of 38 and 1336194.
38
Calculate the highest common factor of 84 and 26760.
12
What is the highest common factor of 798 and 1881?
57
What is the greatest common factor of 1175 and 145?
5
What is the greatest common divisor of 634818 and 124?
62
Calculate the greatest common factor of 6084 and 883532.
676
What is the greatest common divisor of 4560 and 55248?
48
What is the greatest common divisor of 1057 and 2135?
7
What is the highest common divisor of 189671 and 1?
1
What is the highest common divisor of 124735 and 303?
101
Calculate the highest common factor of 246 and 266746.
82
What is the greatest common divisor of 390 and 1390?
10
Calculate the greatest common factor of 95 and 1054025.
95
Calculate the greatest common divisor of 31482 and 15444.
594
What is the greatest common factor of 3185 and 3835?
65
What is the highest common divisor of 40130 and 60?
10
Calculate the highest common divisor of 3475 and 58658.
139
What is the greatest common divisor of 632 and 2844?
316
Calculate the greatest common divisor of 5090801 and 146.
73
What is the highest common factor of 861 and 490278?
123
What is the greatest common factor of 4190 and 10?
10
What is the greatest common divisor of 2665 and 28085?
205
Calculate the highest common factor of 238